{"id":399,"date":"2025-02-07T15:08:19","date_gmt":"2025-02-07T14:08:19","guid":{"rendered":"https:\/\/wp.buchpark.corpex-kunden.de\/?page_id=399"},"modified":"2025-04-02T11:57:14","modified_gmt":"2025-04-02T09:57:14","slug":"buchankauf-privat","status":"publish","type":"page","link":"https:\/\/buchpark.de\/home\/buchankauf-privat\/","title":{"rendered":"Buchankauf privat"},"content":{"rendered":"<section class=\"bde-section-399-100 bde-section\">\n  \n  \n\t\n\n\n\n<div class=\"section-container\"><div class=\"bde-div-399-101 bde-div\">\n  \n  \n\t\n\n\n\n<div class=\"bde-div-399-102 bde-div\">\n  \n  \n\t\n\n\n\n<div class=\"bde-div-399-109 bde-div\">\n  \n  \n\t\n\n\n\n<div class=\"bde-text-399-110 bde-text\">\nBuchankauf von privat\n<\/div>\n<\/div><h1 class=\"bde-heading-399-111 bde-heading\">\nWir kaufen <br>Ihre B\u00fccher\n<\/h1><div class=\"bde-text-399-104 bde-text\">\nPlatz schaffen im B\u00fccherregal und gleichzeitig die Umwelt schonen! Berechnen Sie den Gebrauchtbuchpreis und versenden Sie versandkostenfrei (ab 10 \u20ac) an uns.<br>Kleinere, private Buchbest\u00e4nde k\u00f6nnen Sie sofort \u00fcber unsere Webseite verkaufen und tagesaktuell den Ankaufspreis berechnen.\n<\/div><div class=\"bde-button-399-105 bde-button\">\n    \n                                    \n    \n    \n    \n    \n            \n                    \n            \n            \n\n    \n    \n    \n    \n    \n    <a class=\"breakdance-link button-atom button-atom--primary bde-button__button\" href=\"#getInTouch\" target=\"_self\" data-type=\"url\"  >\n\n    \n        <span class=\"button-atom__text\">Kontakt aufnehmen<\/span>\n\n        \n        \n                <\/a>\n\n    \n\n\n<\/div>\n<\/div><div class=\"bde-div-399-106 bde-div\">\n  \n  \n\t\n\n\n\n<img decoding=\"async\" class=\"bde-image2-399-107 bde-image2\" src=\"https:\/\/buchpark.de\/home\/wp-content\/uploads\/2025\/02\/buchpark-buchankauf-privat.jpg\" alt=\"Laptop auf dem Tisch, davor ein Buch liegend\" loading=\"lazy\" srcset=\"https:\/\/buchpark.de\/home\/wp-content\/uploads\/2025\/02\/buchpark-buchankauf-privat.jpg 1000w, https:\/\/buchpark.de\/home\/wp-content\/uploads\/2025\/02\/buchpark-buchankauf-privat-206x300.jpg 206w, https:\/\/buchpark.de\/home\/wp-content\/uploads\/2025\/02\/buchpark-buchankauf-privat-703x1024.jpg 703w, https:\/\/buchpark.de\/home\/wp-content\/uploads\/2025\/02\/buchpark-buchankauf-privat-768x1118.jpg 768w\" sizes=\"(max-width: 1000px) 100vw, 1000px\" data-parallax=\"true\"><div class=\"bde-div-399-108 bde-div\" data-parallax=\"true\">\n  \n  \n\t\n\n\n\n\n<\/div>\n<\/div>\n<\/div><\/div>\n<\/section><section class=\"bde-section-399-112 bde-section\">\n              \n  \n  \n\t\n\n  <div class=\"section-background-overlay\"><\/div>\n\n\n<div class=\"section-container\"><div class=\"bde-div-399-113 bde-div\">\n  \n  \n\t\n\n\n\n<h2 class=\"bde-heading-399-114 bde-heading\">\nLeistungen\n<\/h2>\n<\/div><div class=\"bde-div-399-115 bde-div\">\n  \n  \n\t\n\n\n\n<div class=\"bde-div-399-116 bde-div\">\n  \n  \n\t\n\n\n\n<img decoding=\"async\" class=\"bde-image2-399-117 bde-image2\" src=\"https:\/\/buchpark.de\/home\/wp-content\/uploads\/2025\/02\/books-icon.svg\" alt=\"B\u00fccher Icon\" loading=\"lazy\"><div class=\"bde-text-399-118 bde-text\">\nAn- & Verkauf von gebrauchten B\u00fcchern\n<\/div>\n<\/div><div class=\"bde-div-399-119 bde-div\">\n  \n  \n\t\n\n\n\n<img decoding=\"async\" class=\"bde-image2-399-120 bde-image2\" src=\"https:\/\/buchpark.de\/home\/wp-content\/uploads\/2025\/02\/berechnung-icon.svg\" alt=\"Berechnung Icon\" loading=\"lazy\"><div class=\"bde-text-399-121 bde-text\">\nsofortige Berechnung des Ankaufspreises\n<\/div>\n<\/div><div class=\"bde-div-399-122 bde-div\">\n  \n  \n\t\n\n\n\n<img decoding=\"async\" class=\"bde-image2-399-123 bde-image2\" src=\"https:\/\/buchpark.de\/home\/wp-content\/uploads\/2025\/02\/bezahlung-icon.svg\" alt=\"Bezahlung Icon\" loading=\"lazy\"><div class=\"bde-text-399-124 bde-text\">\nfaire & schnelle Bezahlung\n<\/div>\n<\/div><div class=\"bde-div-399-125 bde-div\">\n  \n  \n\t\n\n\n\n<img decoding=\"async\" class=\"bde-image2-399-126 bde-image2\" src=\"https:\/\/buchpark.de\/home\/wp-content\/uploads\/2025\/02\/free-shipping-icon.svg\" alt=\"Free Shipping Icon\" loading=\"lazy\"><div class=\"bde-text-399-127 bde-text\">\nab 10 \u20ac versandkostenfrei\n<\/div>\n<\/div>\n<\/div><\/div>\n<\/section><section id=\"getInTouch\" class=\"bde-section-399-131 bde-section\">\n  \n  \n\t\n\n\n\n<div class=\"section-container\"><div class=\"bde-div-399-132 bde-div\" data-parallax=\"true\">\n  \n  \n\t\n\n\n\n<div class=\"bde-div-399-133 bde-div\">\n  \n  \n\t\n\n\n\n<div class=\"bde-div-399-134 bde-div\">\n  \n  \n\t\n\n\n\n<div class=\"bde-text-399-135 bde-text\">\nKontakt\n<\/div>\n<\/div><h2 class=\"bde-heading-399-142 bde-heading\">\nBei Fragen nicht verzagen, einfach fragen!\n<\/h2>\n<\/div><div class=\"bde-div-399-137 bde-div\">\n  \n  \n\t\n\n\n\n<div class=\"bde-form-builder-399-139 bde-form-builder\">\n\n\n<form id=\"anfrage-buchankauf-privat139\" class=\"breakdance-form breakdance-form--vertical\" data-options=\"{&quot;slug&quot;:&quot;custom&quot;,&quot;name&quot;:&quot;Anfrage Buchankauf privat&quot;,&quot;ajaxUrl&quot;:&quot;https:\\\/\\\/buchpark.de\\\/home\\\/wp-admin\\\/admin-ajax.php&quot;,&quot;clearOnSuccess&quot;:true,&quot;hideOnSuccess&quot;:false,&quot;successMessage&quot;:&quot;Vielen Dank, Ihre Nachricht wurde erfolgreich gesendet!&quot;,&quot;errorMessage&quot;:&quot;Leider lief etwas schief. Bitte versuchen Sie es sp\\u00e4ter erneut.&quot;,&quot;redirect&quot;:false,&quot;redirectUrl&quot;:&quot;&quot;,&quot;customJavaScript&quot;:&quot;&quot;,&quot;recaptcha&quot;:{&quot;key&quot;:&quot;&quot;,&quot;enabled&quot;:false},&quot;honeypot_enabled&quot;:false,&quot;popupsOnSuccess&quot;:[],&quot;popupsOnError&quot;:[]}\" data-steps=\"0\" >\n  \n  \n  \n<div class=\"breakdance-form-field breakdance-form-field--text breakdance-form-field__hide-label\" >\n    \n    \n            <label class=\"breakdance-form-field__label\" for=\"name\">\n            Name<span class=\"breakdance-form-field__required\">*<\/span>\n        <\/label>\n    \n    <input\n    class=\"breakdance-form-field__input\"\n    id=\"name\"\n    aria-describedby=\"name\"\n    type=\"text\"\n    name=\"fields[name]\"\n    placeholder=\"Name *\"\n    value=\"\"\n                \n        \n        \n    required\n    \n    \n>\n\n\n    \n    \n<\/div>\n\n\n<div class=\"breakdance-form-field breakdance-form-field--email breakdance-form-field__hide-label\" >\n    \n    \n            <label class=\"breakdance-form-field__label\" for=\"email\">\n            Email<span class=\"breakdance-form-field__required\">*<\/span>\n        <\/label>\n    \n    <input\n    class=\"breakdance-form-field__input\"\n    id=\"email\"\n    aria-describedby=\"email\"\n    type=\"email\"\n    name=\"fields[email]\"\n    placeholder=\"E-Mail *\"\n    value=\"\"\n                \n        \n        \n    required\n    \n    \n>\n\n\n    \n    \n<\/div>\n\n\n<div class=\"breakdance-form-field breakdance-form-field--text breakdance-form-field__hide-label\" >\n    \n    \n            <label class=\"breakdance-form-field__label\" for=\"qivwzr\">\n            Frage<span class=\"breakdance-form-field__required\">*<\/span>\n        <\/label>\n    \n    <input\n    class=\"breakdance-form-field__input\"\n    id=\"qivwzr\"\n    aria-describedby=\"qivwzr\"\n    type=\"text\"\n    name=\"fields[qivwzr]\"\n    placeholder=\"Frage *\"\n    value=\"\"\n                \n        \n        \n    required\n    \n    \n>\n\n\n    \n    \n<\/div>\n\n\n<div class=\"breakdance-form-field breakdance-form-field--textarea breakdance-form-field__hide-label\" >\n    \n    \n            <label class=\"breakdance-form-field__label\" for=\"message\">\n            Nachricht<span class=\"breakdance-form-field__required\">*<\/span>\n        <\/label>\n    \n    <textarea\n    class=\"breakdance-form-field__input\"\n    id=\"message\"\n    aria-describedby=\"message\"\n    type=\"textarea\"\n    name=\"fields[message]\"\n        placeholder=\"Nachricht *\"\n    required\n    >\n<\/textarea>\n\n\n    \n    \n<\/div>\n\n\n<div class=\"breakdance-form-field breakdance-form-field--checkbox breakdance-form-field__hide-label\" >\n    \n    \n    \n    <fieldset role=\"group\"\n    aria-label=\"Datenschutz\"\n    >\n       <legend class=\"breakdance-form-field__label\">Datenschutz<span class=\"breakdance-form-field__required\">*<\/span><\/legend>\n          <div class=\"breakdance-form-checkbox\">\n          <input\n              type=\"checkbox\"\n              name=\"fields[jyqjjv]\"\n              value=\"Ich habe die &lt;a href=&quot;#&quot;&gt;Datenschutzerkl\u00e4rung&lt;\/a&gt; gelesen und bin mit der Verarbeitung meiner Daten einverstanden.\"\n              id=\"jyqjjv-1\"\n              \n                        >\n          <label class=\"breakdance-form-checkbox__text\" for=\"jyqjjv-1\">Ich habe die <a href=\"#\">Datenschutzerkl\u00e4rung<\/a> gelesen und bin mit der Verarbeitung meiner Daten einverstanden.<\/label>\n      <\/div>\n  <\/fieldset>\n\n\n\n    \n    \n<\/div>\n\n\n  \n\n<div class=\"breakdance-form-field breakdance-form-footer\">\n    \n    \n                                    \n    \n    \n    \n    \n            \n            <button type=\"submit\" class=\"button-atom button-atom--primary breakdance-form-button breakdance-form-button__submit\"  >\n    \n        <span class=\"button-atom__text\">Nachricht senden<\/span>\n\n        \n        \n            <\/button>\n    \n    <input type=\"hidden\" name=\"form_id\" value=\"139\">\n    <input type=\"hidden\" name=\"post_id\" value=\"399\">\n<\/div>\n\n  \n<\/form>\n\n\n\n<\/div>\n<\/div>\n<\/div><\/div>\n<\/section><section class=\"bde-section-399-140 bde-section\">\n  \n  \n\t\n\n\n\n<div class=\"section-container\"><div class=\"bde-div-399-141 bde-div\">\n  \n  \n\t\n\n\n\n<div class=\"bde-div-399-146 bde-div\">\n  \n  \n\t\n\n\n\n<h2 class=\"bde-heading-399-136 bde-heading\">\nDrop&shy;shipment und Ware&shy;housing\n<\/h2><div class=\"bde-text-399-143 bde-text\">\nWir verstehen den Onlinehandel mit gebrauchten B\u00fcchern und dessen Besonderheiten.<br><br>Wir von Buchpark sind seit vielen Jahren erfolgreich in den Bereichen Buchhandel und Logistik t\u00e4tig. Vom Berliner Umland aus erbringen wir t\u00e4glich unsere Versand- und Servicedienstleistungen f\u00fcr den Online-Buchhandel.\n<\/div><div class=\"bde-button-399-150 bde-button\">\n    \n                                    \n    \n    \n    \n    \n            \n                    \n            \n            \n\n    \n    \n    \n    \n    \n    <a class=\"breakdance-link button-atom button-atom--custom bde-button__button\" href=\"https:\/\/buchpark.de\/home\/?page_id=122\" target=\"_self\" data-type=\"url\"  >\n\n    \n        <span class=\"button-atom__text\">Mehr erfahren<\/span>\n\n        \n        \n                <\/a>\n\n    \n\n\n<\/div>\n<\/div><div class=\"bde-div-399-145 bde-div\">\n  \n  \n\t\n\n\n\n<div class=\"bde-div-399-147 bde-div\">\n  \n  \n\t\n\n\n\n<img decoding=\"async\" class=\"bde-image2-399-151 bde-image2\" src=\"https:\/\/buchpark.de\/home\/wp-content\/uploads\/2025\/02\/fulfillment-icon.svg\" alt=\"Fulfillment Icon\" loading=\"lazy\">\n<\/div>\n<\/div>\n<\/div><\/div>\n<\/section>","protected":false},"excerpt":{"rendered":"<p>Buchankauf von privat Wir kaufen Ihre B\u00fccher Platz schaffen im B\u00fccherregal und gleichzeitig die Umwelt schonen! Berechnen Sie den Gebrauchtbuchpreis und versenden Sie versandkostenfrei (ab 10 \u20ac) an uns.Kleinere, private Buchbest\u00e4nde k\u00f6nnen Sie sofort \u00fcber unsere Webseite verkaufen und tagesaktuell den Ankaufspreis berechnen. Kontakt aufnehmen Leistungen An- &#038; Verkauf von gebrauchten B\u00fcchern sofortige Berechnung des [&hellip;]<\/p>\n","protected":false},"author":2,"featured_media":0,"parent":0,"menu_order":0,"comment_status":"closed","ping_status":"closed","template":"","meta":{"_breakdance_hide_in_design_set":false,"_breakdance_tags":"","iawp_total_views":2381,"footnotes":""},"class_list":["post-399","page","type-page","status-publish","hentry"],"yoast_head":"<!-- This site is optimized with the Yoast SEO plugin v25.0 - https:\/\/yoast.com\/wordpress\/plugins\/seo\/ -->\n<title>Buchankauf privat - Buchpark B2B<\/title>\n<meta name=\"robots\" content=\"index, follow, max-snippet:-1, max-image-preview:large, max-video-preview:-1\" \/>\n<link rel=\"canonical\" href=\"https:\/\/buchpark.de\/home\/buchankauf-privat\/\" \/>\n<meta property=\"og:locale\" content=\"de_DE\" \/>\n<meta property=\"og:type\" content=\"article\" \/>\n<meta property=\"og:title\" content=\"Buchankauf privat - Buchpark B2B\" \/>\n<meta property=\"og:description\" content=\"Buchankauf von privat Wir kaufen Ihre B\u00fccher Platz schaffen im B\u00fccherregal und gleichzeitig die Umwelt schonen! Berechnen Sie den Gebrauchtbuchpreis und versenden Sie versandkostenfrei (ab 10 \u20ac) an uns.Kleinere, private Buchbest\u00e4nde k\u00f6nnen Sie sofort \u00fcber unsere Webseite verkaufen und tagesaktuell den Ankaufspreis berechnen. Kontakt aufnehmen Leistungen An- &amp; Verkauf von gebrauchten B\u00fcchern sofortige Berechnung des [&hellip;]\" \/>\n<meta property=\"og:url\" content=\"https:\/\/buchpark.de\/home\/buchankauf-privat\/\" \/>\n<meta property=\"og:site_name\" content=\"Buchpark B2B\" \/>\n<meta property=\"article:publisher\" content=\"https:\/\/www.facebook.com\/p\/Buchpark-100090825957190\/\" \/>\n<meta property=\"article:modified_time\" content=\"2025-04-02T09:57:14+00:00\" \/>\n<meta name=\"twitter:card\" content=\"summary_large_image\" \/>\n<script type=\"application\/ld+json\" class=\"yoast-schema-graph\">{\"@context\":\"https:\/\/schema.org\",\"@graph\":[{\"@type\":\"WebPage\",\"@id\":\"https:\/\/buchpark.de\/home\/buchankauf-privat\/\",\"url\":\"https:\/\/buchpark.de\/home\/buchankauf-privat\/\",\"name\":\"Buchankauf privat - Buchpark B2B\",\"isPartOf\":{\"@id\":\"https:\/\/buchpark.de\/home\/#website\"},\"datePublished\":\"2025-02-07T14:08:19+00:00\",\"dateModified\":\"2025-04-02T09:57:14+00:00\",\"breadcrumb\":{\"@id\":\"https:\/\/buchpark.de\/home\/buchankauf-privat\/#breadcrumb\"},\"inLanguage\":\"de\",\"potentialAction\":[{\"@type\":\"ReadAction\",\"target\":[\"https:\/\/buchpark.de\/home\/buchankauf-privat\/\"]}]},{\"@type\":\"BreadcrumbList\",\"@id\":\"https:\/\/buchpark.de\/home\/buchankauf-privat\/#breadcrumb\",\"itemListElement\":[{\"@type\":\"ListItem\",\"position\":1,\"name\":\"Startseite\",\"item\":\"https:\/\/buchpark.de\/home\/\"},{\"@type\":\"ListItem\",\"position\":2,\"name\":\"Buchankauf privat\"}]},{\"@type\":\"WebSite\",\"@id\":\"https:\/\/buchpark.de\/home\/#website\",\"url\":\"https:\/\/buchpark.de\/home\/\",\"name\":\"Buchpark B2B\",\"description\":\"Gebrauchte B\u00fccher online kaufen und verkaufen\",\"publisher\":{\"@id\":\"https:\/\/buchpark.de\/home\/#organization\"},\"potentialAction\":[{\"@type\":\"SearchAction\",\"target\":{\"@type\":\"EntryPoint\",\"urlTemplate\":\"https:\/\/buchpark.de\/home\/?s={search_term_string}\"},\"query-input\":{\"@type\":\"PropertyValueSpecification\",\"valueRequired\":true,\"valueName\":\"search_term_string\"}}],\"inLanguage\":\"de\"},{\"@type\":\"Organization\",\"@id\":\"https:\/\/buchpark.de\/home\/#organization\",\"name\":\"Buchpark GmbH\",\"url\":\"https:\/\/buchpark.de\/home\/\",\"logo\":{\"@type\":\"ImageObject\",\"inLanguage\":\"de\",\"@id\":\"https:\/\/buchpark.de\/home\/#\/schema\/logo\/image\/\",\"url\":\"https:\/\/buchpark.de\/home\/wp-content\/uploads\/2025\/02\/logo.svg\",\"contentUrl\":\"https:\/\/buchpark.de\/home\/wp-content\/uploads\/2025\/02\/logo.svg\",\"width\":1,\"height\":1,\"caption\":\"Buchpark GmbH\"},\"image\":{\"@id\":\"https:\/\/buchpark.de\/home\/#\/schema\/logo\/image\/\"},\"sameAs\":[\"https:\/\/www.facebook.com\/p\/Buchpark-100090825957190\/\",\"https:\/\/www.instagram.com\/buchpark.de\/\",\"https:\/\/www.linkedin.com\/company\/buchpark\/\"]}]}<\/script>\n<!-- \/ Yoast SEO plugin. -->","yoast_head_json":{"title":"Buchankauf privat - Buchpark B2B","robots":{"index":"index","follow":"follow","max-snippet":"max-snippet:-1","max-image-preview":"max-image-preview:large","max-video-preview":"max-video-preview:-1"},"canonical":"https:\/\/buchpark.de\/home\/buchankauf-privat\/","og_locale":"de_DE","og_type":"article","og_title":"Buchankauf privat - Buchpark B2B","og_description":"Buchankauf von privat Wir kaufen Ihre B\u00fccher Platz schaffen im B\u00fccherregal und gleichzeitig die Umwelt schonen! Berechnen Sie den Gebrauchtbuchpreis und versenden Sie versandkostenfrei (ab 10 \u20ac) an uns.Kleinere, private Buchbest\u00e4nde k\u00f6nnen Sie sofort \u00fcber unsere Webseite verkaufen und tagesaktuell den Ankaufspreis berechnen. Kontakt aufnehmen Leistungen An- & Verkauf von gebrauchten B\u00fcchern sofortige Berechnung des [&hellip;]","og_url":"https:\/\/buchpark.de\/home\/buchankauf-privat\/","og_site_name":"Buchpark B2B","article_publisher":"https:\/\/www.facebook.com\/p\/Buchpark-100090825957190\/","article_modified_time":"2025-04-02T09:57:14+00:00","twitter_card":"summary_large_image","schema":{"@context":"https:\/\/schema.org","@graph":[{"@type":"WebPage","@id":"https:\/\/buchpark.de\/home\/buchankauf-privat\/","url":"https:\/\/buchpark.de\/home\/buchankauf-privat\/","name":"Buchankauf privat - Buchpark B2B","isPartOf":{"@id":"https:\/\/buchpark.de\/home\/#website"},"datePublished":"2025-02-07T14:08:19+00:00","dateModified":"2025-04-02T09:57:14+00:00","breadcrumb":{"@id":"https:\/\/buchpark.de\/home\/buchankauf-privat\/#breadcrumb"},"inLanguage":"de","potentialAction":[{"@type":"ReadAction","target":["https:\/\/buchpark.de\/home\/buchankauf-privat\/"]}]},{"@type":"BreadcrumbList","@id":"https:\/\/buchpark.de\/home\/buchankauf-privat\/#breadcrumb","itemListElement":[{"@type":"ListItem","position":1,"name":"Startseite","item":"https:\/\/buchpark.de\/home\/"},{"@type":"ListItem","position":2,"name":"Buchankauf privat"}]},{"@type":"WebSite","@id":"https:\/\/buchpark.de\/home\/#website","url":"https:\/\/buchpark.de\/home\/","name":"Buchpark B2B","description":"Gebrauchte B\u00fccher online kaufen und verkaufen","publisher":{"@id":"https:\/\/buchpark.de\/home\/#organization"},"potentialAction":[{"@type":"SearchAction","target":{"@type":"EntryPoint","urlTemplate":"https:\/\/buchpark.de\/home\/?s={search_term_string}"},"query-input":{"@type":"PropertyValueSpecification","valueRequired":true,"valueName":"search_term_string"}}],"inLanguage":"de"},{"@type":"Organization","@id":"https:\/\/buchpark.de\/home\/#organization","name":"Buchpark GmbH","url":"https:\/\/buchpark.de\/home\/","logo":{"@type":"ImageObject","inLanguage":"de","@id":"https:\/\/buchpark.de\/home\/#\/schema\/logo\/image\/","url":"https:\/\/buchpark.de\/home\/wp-content\/uploads\/2025\/02\/logo.svg","contentUrl":"https:\/\/buchpark.de\/home\/wp-content\/uploads\/2025\/02\/logo.svg","width":1,"height":1,"caption":"Buchpark GmbH"},"image":{"@id":"https:\/\/buchpark.de\/home\/#\/schema\/logo\/image\/"},"sameAs":["https:\/\/www.facebook.com\/p\/Buchpark-100090825957190\/","https:\/\/www.instagram.com\/buchpark.de\/","https:\/\/www.linkedin.com\/company\/buchpark\/"]}]}},"_links":{"self":[{"href":"https:\/\/buchpark.de\/home\/wp-json\/wp\/v2\/pages\/399","targetHints":{"allow":["GET"]}}],"collection":[{"href":"https:\/\/buchpark.de\/home\/wp-json\/wp\/v2\/pages"}],"about":[{"href":"https:\/\/buchpark.de\/home\/wp-json\/wp\/v2\/types\/page"}],"author":[{"embeddable":true,"href":"https:\/\/buchpark.de\/home\/wp-json\/wp\/v2\/users\/2"}],"replies":[{"embeddable":true,"href":"https:\/\/buchpark.de\/home\/wp-json\/wp\/v2\/comments?post=399"}],"version-history":[{"count":38,"href":"https:\/\/buchpark.de\/home\/wp-json\/wp\/v2\/pages\/399\/revisions"}],"predecessor-version":[{"id":581,"href":"https:\/\/buchpark.de\/home\/wp-json\/wp\/v2\/pages\/399\/revisions\/581"}],"wp:attachment":[{"href":"https:\/\/buchpark.de\/home\/wp-json\/wp\/v2\/media?parent=399"}],"curies":[{"name":"wp","href":"https:\/\/api.w.org\/{rel}","templated":true}]}}