{"id":120,"date":"2025-02-06T10:56:40","date_gmt":"2025-02-06T09:56:40","guid":{"rendered":"https:\/\/wp.buchpark.corpex-kunden.de\/?page_id=120"},"modified":"2025-09-02T16:46:14","modified_gmt":"2025-09-02T14:46:14","slug":"buchankauf","status":"publish","type":"page","link":"https:\/\/buchpark.de\/home\/buchankauf\/","title":{"rendered":"Buchankauf"},"content":{"rendered":"<section class=\"bde-section-120-100 bde-section\">\n  \n  \n\t\n\n\n\n<div class=\"section-container\"><div class=\"bde-div-120-101 bde-div\" data-parallax=\"true\">\n  \n  \n\t\n\n\n\n<div class=\"bde-div-120-102 bde-div\">\n  \n  \n\t\n\n\n\n<div class=\"bde-text-120-103 bde-text\">\nBuchankauf\n<\/div>\n<\/div><h1 class=\"bde-heading-120-104 bde-heading\">\nBundes&shy;weiter Ankauf von ge&shy;brauchten B\u00fcchern\n<\/h1><div class=\"bde-text-120-105 bde-text\">\nWir von Buchpark kaufen gebrauchte B\u00fccher von Privatpersonen, Institutionen, gewerblichen Einrichtungen, Bibliotheken, Fachhochschulen oder Sammlern. Wir zahlen marktgerechte Ankaufspreise, die sich aus der derzeitigen Nachfrage ergeben. Unser oberstes Ziel ist es, B\u00fccher nachhaltig ein weiteres Mal auf den Markt zu bringen.<br><br>Kleinere, private Buchbest\u00e4nde k\u00f6nnen Sie bequem direkt \u00fcber uns zu den aktuellen Ankaufspreisen verkaufen.<br><br>F\u00fcr umfangreiche Best\u00e4nde erstellen wir Ihnen gerne ein individuelles und unverbindliches Angebot. Wir bieten immer einen Gesamtpreis f\u00fcr den kompletten Buchbestand. Selbstverst\u00e4ndlich organisieren wir auch die Abholung Ihrer Sammlung.<br><br>Fragen Sie uns an!\n<\/div><div class=\"bde-button-120-106 bde-button\">\n    \n                                    \n    \n    \n    \n    \n            \n                    \n            \n            \n\n    \n    \n    \n    \n    \n    <a class=\"breakdance-link button-atom button-atom--primary bde-button__button\" href=\"https:\/\/buchpark.de\/home\/?page_id=124\" target=\"_self\" data-type=\"url\"  >\n\n    \n        <span class=\"button-atom__text\">Jetzt anfragen<\/span>\n\n        \n        \n                <\/a>\n\n    \n\n\n<\/div>\n<\/div><\/div>\n<\/section><section class=\"bde-section-120-116 bde-section\">\n  \n  \n\t\n\n\n\n<div class=\"section-container\"><div class=\"bde-div-120-117 bde-div\">\n  \n  \n\t\n\n\n\n<div class=\"bde-div-120-118 bde-div\">\n  \n  \n\t\n\n\n\n<h2 class=\"bde-heading-120-119 bde-heading\">\nBundes&shy;weiter Ankauf von Biblio&shy;theken & Samm&shy;lungen\n<\/h2><div class=\"bde-text-120-120 bde-text\">\nWir von Buchpark kaufen komplette Buchbest\u00e4nde von Bibliotheken und Institutionen aus ganz Deutschland sowie umfangreiche B\u00fcchersammlungen, B\u00fccher aus Haushaltsaufl\u00f6sungen und antiquarische B\u00fccher.\n<\/div><div class=\"bde-button-120-121 bde-button\">\n    \n                                    \n    \n    \n    \n    \n            \n                    \n            \n            \n\n    \n    \n    \n    \n    \n    <a class=\"breakdance-link button-atom button-atom--primary bde-button__button\" href=\"https:\/\/buchpark.de\/home\/?page_id=455\" target=\"_self\" data-type=\"url\"  >\n\n    \n        <span class=\"button-atom__text\">Mehr erfahren<\/span>\n\n        \n        \n                <\/a>\n\n    \n\n\n<\/div>\n<\/div><div class=\"bde-div-120-122 bde-div\">\n  \n  \n\t\n\n\n\n<img decoding=\"async\" class=\"bde-image2-120-123 bde-image2\" src=\"https:\/\/buchpark.de\/home\/wp-content\/uploads\/2025\/02\/buchpark-buchankauf-bibliothek.jpg\" loading=\"lazy\" srcset=\"https:\/\/buchpark.de\/home\/wp-content\/uploads\/2025\/02\/buchpark-buchankauf-bibliothek.jpg 1000w, https:\/\/buchpark.de\/home\/wp-content\/uploads\/2025\/02\/buchpark-buchankauf-bibliothek-300x277.jpg 300w, https:\/\/buchpark.de\/home\/wp-content\/uploads\/2025\/02\/buchpark-buchankauf-bibliothek-768x710.jpg 768w\" sizes=\"(max-width: 1000px) 100vw, 1000px\" data-parallax=\"true\"><div class=\"bde-div-120-124 bde-div\" data-parallax=\"true\">\n  \n  \n\t\n\n\n\n\n<\/div>\n<\/div>\n<\/div><\/div>\n<\/section><section class=\"bde-section-120-125 bde-section\">\n  \n  \n\t\n\n\n\n<div class=\"section-container\"><div class=\"bde-div-120-126 bde-div\">\n  \n  \n\t\n\n\n\n<div class=\"bde-div-120-127 bde-div\">\n  \n  \n\t\n\n\n\n<h2 class=\"bde-heading-120-128 bde-heading\">\nBuchankauf <br>Privat\n<\/h2><div class=\"bde-text-120-129 bde-text\">\nPlatz schaffen im B\u00fccherregal und gleichzeitig<br>die Umwelt schonen! Berechnen Sie den Gebraucht-<br>buchpreis und versenden Sie versandkostenfrei an uns.\n<\/div><div class=\"bde-button-120-130 bde-button\">\n    \n                                    \n    \n    \n    \n    \n            \n                    \n            \n            \n\n    \n    \n    \n    \n    \n    <a class=\"breakdance-link button-atom button-atom--primary bde-button__button\" href=\"https:\/\/buchpark.de\/home\/?page_id=399\" target=\"_self\" data-type=\"url\"  >\n\n    \n        <span class=\"button-atom__text\">Mehr erfahren<\/span>\n\n        \n        \n                <\/a>\n\n    \n\n\n<\/div>\n<\/div><div class=\"bde-div-120-131 bde-div\">\n  \n  \n\t\n\n\n\n<img decoding=\"async\" class=\"bde-image2-120-132 bde-image2\" src=\"https:\/\/buchpark.de\/home\/wp-content\/uploads\/2025\/02\/buchpark-buchankauf-privat.jpg\" alt=\"Laptop auf dem Tisch, davor ein Buch liegend\" loading=\"lazy\" srcset=\"https:\/\/buchpark.de\/home\/wp-content\/uploads\/2025\/02\/buchpark-buchankauf-privat.jpg 1000w, https:\/\/buchpark.de\/home\/wp-content\/uploads\/2025\/02\/buchpark-buchankauf-privat-206x300.jpg 206w, https:\/\/buchpark.de\/home\/wp-content\/uploads\/2025\/02\/buchpark-buchankauf-privat-703x1024.jpg 703w, https:\/\/buchpark.de\/home\/wp-content\/uploads\/2025\/02\/buchpark-buchankauf-privat-768x1118.jpg 768w\" sizes=\"(max-width: 1000px) 100vw, 1000px\" data-parallax=\"true\"><div class=\"bde-div-120-133 bde-div\" data-parallax=\"true\">\n  \n  \n\t\n\n\n\n\n<\/div>\n<\/div><div class=\"bde-div-120-134 bde-div\">\n  \n  \n\t\n\n\n\n<h2 class=\"bde-heading-120-135 bde-heading\">\nBuchankauf <br>Privat\n<\/h2><div class=\"bde-text-120-136 bde-text\">\nPlatz schaffen im B\u00fccherregal und gleichzeitig<br>die Umwelt schonen! Berechnen Sie den Gebraucht-<br>buchpreis und versenden Sie versandkostenfrei an uns.\n<\/div><div class=\"bde-button-120-137 bde-button\">\n    \n                                    \n    \n    \n    \n    \n            \n                    \n            \n            \n\n    \n    \n    \n    \n    \n    <a class=\"breakdance-link button-atom button-atom--primary bde-button__button\" href=\"https:\/\/buchpark.de\/home\/?page_id=399\" target=\"_self\" data-type=\"url\"  >\n\n    \n        <span class=\"button-atom__text\">Mehr erfahren<\/span>\n\n        \n        \n                <\/a>\n\n    \n\n\n<\/div>\n<\/div>\n<\/div><\/div>\n<\/section><section class=\"bde-section-120-107 bde-section\">\n  \n  \n\t\n\n\n\n<div class=\"section-container\"><div class=\"bde-div-120-108 bde-div\">\n  \n  \n\t\n\n\n\n<div class=\"bde-div-120-109 bde-div\">\n  \n  \n\t\n\n\n\n<h2 class=\"bde-heading-120-110 bde-heading\">\nDrop&shy;shipment und Ware&shy;housing\n<\/h2><div class=\"bde-text-120-111 bde-text\">\nWir verstehen den Onlinehandel mit gebrauchten B\u00fcchern und dessen Besonderheiten.<br><br>Wir von Buchpark sind seit vielen Jahren erfolgreich in den Bereichen Buchhandel und Logistik t\u00e4tig. Vom Berliner Umland aus erbringen wir t\u00e4glich unsere Versand- und Servicedienstleistungen f\u00fcr den Online-Buchhandel.\n<\/div><div class=\"bde-button-120-112 bde-button\">\n    \n                                    \n    \n    \n    \n    \n            \n                    \n            \n            \n\n    \n    \n    \n    \n    \n    <a class=\"breakdance-link button-atom button-atom--custom bde-button__button\" href=\"https:\/\/buchpark.de\/home\/?page_id=122\" target=\"_self\" data-type=\"url\"  >\n\n    \n        <span class=\"button-atom__text\">Mehr erfahren<\/span>\n\n        \n        \n                <\/a>\n\n    \n\n\n<\/div>\n<\/div><div class=\"bde-div-120-113 bde-div\">\n  \n  \n\t\n\n\n\n<div class=\"bde-div-120-114 bde-div\">\n  \n  \n\t\n\n\n\n<img decoding=\"async\" class=\"bde-image2-120-115 bde-image2\" src=\"https:\/\/buchpark.de\/home\/wp-content\/uploads\/2025\/02\/fulfillment-icon.svg\" alt=\"Fulfillment Icon\" loading=\"lazy\">\n<\/div>\n<\/div>\n<\/div><\/div>\n<\/section>","protected":false},"excerpt":{"rendered":"<p>Buchankauf Bundes&shy;weiter Ankauf von ge&shy;brauchten B\u00fcchern Wir von Buchpark kaufen gebrauchte B\u00fccher von Privatpersonen, Institutionen, gewerblichen Einrichtungen, Bibliotheken, Fachhochschulen oder Sammlern. Wir zahlen marktgerechte Ankaufspreise, die sich aus der derzeitigen Nachfrage ergeben. Unser oberstes Ziel ist es, B\u00fccher nachhaltig ein weiteres Mal auf den Markt zu bringen.Kleinere, private Buchbest\u00e4nde k\u00f6nnen Sie bequem direkt \u00fcber uns [&hellip;]<\/p>\n","protected":false},"author":2,"featured_media":0,"parent":0,"menu_order":0,"comment_status":"closed","ping_status":"closed","template":"","meta":{"_breakdance_hide_in_design_set":false,"_breakdance_tags":"","iawp_total_views":2751,"footnotes":""},"class_list":["post-120","page","type-page","status-publish","hentry"],"yoast_head":"<!-- This site is optimized with the Yoast SEO plugin v25.0 - https:\/\/yoast.com\/wordpress\/plugins\/seo\/ -->\n<title>Buchankauf - Buchpark B2B<\/title>\n<meta name=\"robots\" content=\"index, follow, max-snippet:-1, max-image-preview:large, max-video-preview:-1\" \/>\n<link rel=\"canonical\" href=\"https:\/\/buchpark.de\/home\/buchankauf\/\" \/>\n<meta property=\"og:locale\" content=\"de_DE\" \/>\n<meta property=\"og:type\" content=\"article\" \/>\n<meta property=\"og:title\" content=\"Buchankauf - Buchpark B2B\" \/>\n<meta property=\"og:description\" content=\"Buchankauf Bundes&shy;weiter Ankauf von ge&shy;brauchten B\u00fcchern Wir von Buchpark kaufen gebrauchte B\u00fccher von Privatpersonen, Institutionen, gewerblichen Einrichtungen, Bibliotheken, Fachhochschulen oder Sammlern. Wir zahlen marktgerechte Ankaufspreise, die sich aus der derzeitigen Nachfrage ergeben. Unser oberstes Ziel ist es, B\u00fccher nachhaltig ein weiteres Mal auf den Markt zu bringen.Kleinere, private Buchbest\u00e4nde k\u00f6nnen Sie bequem direkt \u00fcber uns [&hellip;]\" \/>\n<meta property=\"og:url\" content=\"https:\/\/buchpark.de\/home\/buchankauf\/\" \/>\n<meta property=\"og:site_name\" content=\"Buchpark B2B\" \/>\n<meta property=\"article:publisher\" content=\"https:\/\/www.facebook.com\/p\/Buchpark-100090825957190\/\" \/>\n<meta property=\"article:modified_time\" content=\"2025-09-02T14:46:14+00:00\" \/>\n<meta name=\"twitter:card\" content=\"summary_large_image\" \/>\n<meta name=\"twitter:label1\" content=\"Gesch\u00e4tzte Lesezeit\" \/>\n\t<meta name=\"twitter:data1\" content=\"2\u00a0Minuten\" \/>\n<script type=\"application\/ld+json\" class=\"yoast-schema-graph\">{\"@context\":\"https:\/\/schema.org\",\"@graph\":[{\"@type\":\"WebPage\",\"@id\":\"https:\/\/buchpark.de\/home\/buchankauf\/\",\"url\":\"https:\/\/buchpark.de\/home\/buchankauf\/\",\"name\":\"Buchankauf - Buchpark B2B\",\"isPartOf\":{\"@id\":\"https:\/\/buchpark.de\/home\/#website\"},\"datePublished\":\"2025-02-06T09:56:40+00:00\",\"dateModified\":\"2025-09-02T14:46:14+00:00\",\"breadcrumb\":{\"@id\":\"https:\/\/buchpark.de\/home\/buchankauf\/#breadcrumb\"},\"inLanguage\":\"de\",\"potentialAction\":[{\"@type\":\"ReadAction\",\"target\":[\"https:\/\/buchpark.de\/home\/buchankauf\/\"]}]},{\"@type\":\"BreadcrumbList\",\"@id\":\"https:\/\/buchpark.de\/home\/buchankauf\/#breadcrumb\",\"itemListElement\":[{\"@type\":\"ListItem\",\"position\":1,\"name\":\"Startseite\",\"item\":\"https:\/\/buchpark.de\/home\/\"},{\"@type\":\"ListItem\",\"position\":2,\"name\":\"Buchankauf\"}]},{\"@type\":\"WebSite\",\"@id\":\"https:\/\/buchpark.de\/home\/#website\",\"url\":\"https:\/\/buchpark.de\/home\/\",\"name\":\"Buchpark B2B\",\"description\":\"Gebrauchte B\u00fccher online kaufen und verkaufen\",\"publisher\":{\"@id\":\"https:\/\/buchpark.de\/home\/#organization\"},\"potentialAction\":[{\"@type\":\"SearchAction\",\"target\":{\"@type\":\"EntryPoint\",\"urlTemplate\":\"https:\/\/buchpark.de\/home\/?s={search_term_string}\"},\"query-input\":{\"@type\":\"PropertyValueSpecification\",\"valueRequired\":true,\"valueName\":\"search_term_string\"}}],\"inLanguage\":\"de\"},{\"@type\":\"Organization\",\"@id\":\"https:\/\/buchpark.de\/home\/#organization\",\"name\":\"Buchpark GmbH\",\"url\":\"https:\/\/buchpark.de\/home\/\",\"logo\":{\"@type\":\"ImageObject\",\"inLanguage\":\"de\",\"@id\":\"https:\/\/buchpark.de\/home\/#\/schema\/logo\/image\/\",\"url\":\"https:\/\/buchpark.de\/home\/wp-content\/uploads\/2025\/02\/logo.svg\",\"contentUrl\":\"https:\/\/buchpark.de\/home\/wp-content\/uploads\/2025\/02\/logo.svg\",\"width\":1,\"height\":1,\"caption\":\"Buchpark GmbH\"},\"image\":{\"@id\":\"https:\/\/buchpark.de\/home\/#\/schema\/logo\/image\/\"},\"sameAs\":[\"https:\/\/www.facebook.com\/p\/Buchpark-100090825957190\/\",\"https:\/\/www.instagram.com\/buchpark.de\/\",\"https:\/\/www.linkedin.com\/company\/buchpark\/\"]}]}<\/script>\n<!-- \/ Yoast SEO plugin. -->","yoast_head_json":{"title":"Buchankauf - Buchpark B2B","robots":{"index":"index","follow":"follow","max-snippet":"max-snippet:-1","max-image-preview":"max-image-preview:large","max-video-preview":"max-video-preview:-1"},"canonical":"https:\/\/buchpark.de\/home\/buchankauf\/","og_locale":"de_DE","og_type":"article","og_title":"Buchankauf - Buchpark B2B","og_description":"Buchankauf Bundes&shy;weiter Ankauf von ge&shy;brauchten B\u00fcchern Wir von Buchpark kaufen gebrauchte B\u00fccher von Privatpersonen, Institutionen, gewerblichen Einrichtungen, Bibliotheken, Fachhochschulen oder Sammlern. Wir zahlen marktgerechte Ankaufspreise, die sich aus der derzeitigen Nachfrage ergeben. Unser oberstes Ziel ist es, B\u00fccher nachhaltig ein weiteres Mal auf den Markt zu bringen.Kleinere, private Buchbest\u00e4nde k\u00f6nnen Sie bequem direkt \u00fcber uns [&hellip;]","og_url":"https:\/\/buchpark.de\/home\/buchankauf\/","og_site_name":"Buchpark B2B","article_publisher":"https:\/\/www.facebook.com\/p\/Buchpark-100090825957190\/","article_modified_time":"2025-09-02T14:46:14+00:00","twitter_card":"summary_large_image","twitter_misc":{"Gesch\u00e4tzte Lesezeit":"2\u00a0Minuten"},"schema":{"@context":"https:\/\/schema.org","@graph":[{"@type":"WebPage","@id":"https:\/\/buchpark.de\/home\/buchankauf\/","url":"https:\/\/buchpark.de\/home\/buchankauf\/","name":"Buchankauf - Buchpark B2B","isPartOf":{"@id":"https:\/\/buchpark.de\/home\/#website"},"datePublished":"2025-02-06T09:56:40+00:00","dateModified":"2025-09-02T14:46:14+00:00","breadcrumb":{"@id":"https:\/\/buchpark.de\/home\/buchankauf\/#breadcrumb"},"inLanguage":"de","potentialAction":[{"@type":"ReadAction","target":["https:\/\/buchpark.de\/home\/buchankauf\/"]}]},{"@type":"BreadcrumbList","@id":"https:\/\/buchpark.de\/home\/buchankauf\/#breadcrumb","itemListElement":[{"@type":"ListItem","position":1,"name":"Startseite","item":"https:\/\/buchpark.de\/home\/"},{"@type":"ListItem","position":2,"name":"Buchankauf"}]},{"@type":"WebSite","@id":"https:\/\/buchpark.de\/home\/#website","url":"https:\/\/buchpark.de\/home\/","name":"Buchpark B2B","description":"Gebrauchte B\u00fccher online kaufen und verkaufen","publisher":{"@id":"https:\/\/buchpark.de\/home\/#organization"},"potentialAction":[{"@type":"SearchAction","target":{"@type":"EntryPoint","urlTemplate":"https:\/\/buchpark.de\/home\/?s={search_term_string}"},"query-input":{"@type":"PropertyValueSpecification","valueRequired":true,"valueName":"search_term_string"}}],"inLanguage":"de"},{"@type":"Organization","@id":"https:\/\/buchpark.de\/home\/#organization","name":"Buchpark GmbH","url":"https:\/\/buchpark.de\/home\/","logo":{"@type":"ImageObject","inLanguage":"de","@id":"https:\/\/buchpark.de\/home\/#\/schema\/logo\/image\/","url":"https:\/\/buchpark.de\/home\/wp-content\/uploads\/2025\/02\/logo.svg","contentUrl":"https:\/\/buchpark.de\/home\/wp-content\/uploads\/2025\/02\/logo.svg","width":1,"height":1,"caption":"Buchpark GmbH"},"image":{"@id":"https:\/\/buchpark.de\/home\/#\/schema\/logo\/image\/"},"sameAs":["https:\/\/www.facebook.com\/p\/Buchpark-100090825957190\/","https:\/\/www.instagram.com\/buchpark.de\/","https:\/\/www.linkedin.com\/company\/buchpark\/"]}]}},"_links":{"self":[{"href":"https:\/\/buchpark.de\/home\/wp-json\/wp\/v2\/pages\/120","targetHints":{"allow":["GET"]}}],"collection":[{"href":"https:\/\/buchpark.de\/home\/wp-json\/wp\/v2\/pages"}],"about":[{"href":"https:\/\/buchpark.de\/home\/wp-json\/wp\/v2\/types\/page"}],"author":[{"embeddable":true,"href":"https:\/\/buchpark.de\/home\/wp-json\/wp\/v2\/users\/2"}],"replies":[{"embeddable":true,"href":"https:\/\/buchpark.de\/home\/wp-json\/wp\/v2\/comments?post=120"}],"version-history":[{"count":15,"href":"https:\/\/buchpark.de\/home\/wp-json\/wp\/v2\/pages\/120\/revisions"}],"predecessor-version":[{"id":891,"href":"https:\/\/buchpark.de\/home\/wp-json\/wp\/v2\/pages\/120\/revisions\/891"}],"wp:attachment":[{"href":"https:\/\/buchpark.de\/home\/wp-json\/wp\/v2\/media?parent=120"}],"curies":[{"name":"wp","href":"https:\/\/api.w.org\/{rel}","templated":true}]}}