{"id":118,"date":"2025-02-06T10:56:21","date_gmt":"2025-02-06T09:56:21","guid":{"rendered":"https:\/\/wp.buchpark.corpex-kunden.de\/?page_id=118"},"modified":"2025-04-02T11:55:48","modified_gmt":"2025-04-02T09:55:48","slug":"buchmessen","status":"publish","type":"page","link":"https:\/\/buchpark.de\/home\/buchmessen\/","title":{"rendered":"Buchmessen"},"content":{"rendered":"<section class=\"bde-section-118-182 bde-section\">\n  \n  \n\t\n\n\n\n<div class=\"section-container\"><div class=\"bde-div-118-183 bde-div\">\n  \n  \n\t\n\n\n\n<div class=\"bde-div-118-184 bde-div\">\n  \n  \n\t\n\n\n\n<div class=\"bde-div-118-185 bde-div\">\n  \n  \n\t\n\n\n\n<div class=\"bde-text-118-186 bde-text\">\nBuchmessen\n<\/div>\n<\/div><h1 class=\"bde-heading-118-187 bde-heading\">\nBuchpark ber\u00e4umt <br>Buchmessen\n<\/h1><div class=\"bde-text-118-188 bde-text\">\nWir von Buchpark sind kompetenter Servicedienstleister f\u00fcr die Ber\u00e4umung von Buchbest\u00e4nden auf allen gr\u00f6\u00dferen Buchmessen in Deutschland.<br><br>Dazu bieten wir den kompletten Service von der Ber\u00e4umung der Regale bis zum Abtransport.<br><br>Gern erstellen wir Ihnen ein individuelles Angebot f\u00fcr \u00fcbrig gebliebene B\u00fccher Ihres Messestandes. <br>Fragen sie uns an.\n<\/div><div class=\"bde-button-118-189 bde-button\">\n    \n                                    \n    \n    \n    \n    \n            \n                    \n            \n            \n\n    \n    \n    \n    \n    \n    <a class=\"breakdance-link button-atom button-atom--primary bde-button__button\" href=\"#getInTouch\" target=\"_self\" data-type=\"url\"  >\n\n    \n        <span class=\"button-atom__text\">Jetzt anfragen<\/span>\n\n        \n        \n                <\/a>\n\n    \n\n\n<\/div>\n<\/div><div class=\"bde-div-118-190 bde-div\">\n  \n  \n\t\n\n\n\n<img decoding=\"async\" class=\"bde-image2-118-191 bde-image2\" src=\"https:\/\/buchpark.de\/home\/wp-content\/uploads\/2025\/02\/buchpark-buchmesse.jpg\" alt=\"Frau auf Buchmesse reicht ihrem Kind ein Buch\" loading=\"lazy\" srcset=\"https:\/\/buchpark.de\/home\/wp-content\/uploads\/2025\/02\/buchpark-buchmesse.jpg 1000w, https:\/\/buchpark.de\/home\/wp-content\/uploads\/2025\/02\/buchpark-buchmesse-191x300.jpg 191w, https:\/\/buchpark.de\/home\/wp-content\/uploads\/2025\/02\/buchpark-buchmesse-652x1024.jpg 652w, https:\/\/buchpark.de\/home\/wp-content\/uploads\/2025\/02\/buchpark-buchmesse-768x1206.jpg 768w, https:\/\/buchpark.de\/home\/wp-content\/uploads\/2025\/02\/buchpark-buchmesse-978x1536.jpg 978w\" sizes=\"(max-width: 1000px) 100vw, 1000px\" data-parallax=\"true\"><div class=\"bde-div-118-192 bde-div\" data-parallax=\"true\">\n  \n  \n\t\n\n\n\n\n<\/div>\n<\/div>\n<\/div><\/div>\n<\/section><section class=\"bde-section-118-107 bde-section\">\n              \n  \n  \n\t\n\n  <div class=\"section-background-overlay\"><\/div>\n\n\n<div class=\"section-container\"><div class=\"bde-div-118-108 bde-div\">\n  \n  \n\t\n\n\n\n<h2 class=\"bde-heading-118-109 bde-heading\">\nLeistungen\n<\/h2>\n<\/div><div class=\"bde-div-118-110 bde-div\">\n  \n  \n\t\n\n\n\n<div class=\"bde-div-118-111 bde-div\">\n  \n  \n\t\n\n\n\n<img decoding=\"async\" class=\"bde-image2-118-112 bde-image2\" src=\"https:\/\/buchpark.de\/home\/wp-content\/uploads\/2025\/02\/regional-icon.svg\" alt=\"Regional Icon\" loading=\"lazy\"><div class=\"bde-text-118-113 bde-text\">\nDeutschland-<br>weit\n<\/div>\n<\/div><div class=\"bde-div-118-143 bde-div\">\n  \n  \n\t\n\n\n\n<img decoding=\"async\" class=\"bde-image2-118-144 bde-image2\" src=\"https:\/\/buchpark.de\/home\/wp-content\/uploads\/2025\/02\/verpacken-icon.svg\" alt=\"Verpacken Icon\" loading=\"lazy\"><div class=\"bde-text-118-145 bde-text\">\nAusheben & Verpacken\n<\/div>\n<\/div><div class=\"bde-div-118-139 bde-div\">\n  \n  \n\t\n\n\n\n<img decoding=\"async\" class=\"bde-image2-118-140 bde-image2\" src=\"https:\/\/buchpark.de\/home\/wp-content\/uploads\/2025\/02\/logistik-icon.svg\" alt=\"Logistik Icon\" loading=\"lazy\"><div class=\"bde-text-118-141 bde-text\">\n\u00dcbernahme der Logistik\n<\/div>\n<\/div><div class=\"bde-div-118-135 bde-div\">\n  \n  \n\t\n\n\n\n<img decoding=\"async\" class=\"bde-image2-118-136 bde-image2\" src=\"https:\/\/buchpark.de\/home\/wp-content\/uploads\/2025\/02\/buecher-icon.svg\" alt=\"Buch Icon\" loading=\"lazy\"><div class=\"bde-text-118-137 bde-text\">\nErfassen der <br>B\u00fccher\n<\/div>\n<\/div><div class=\"bde-div-118-131 bde-div\">\n  \n  \n\t\n\n\n\n<img decoding=\"async\" class=\"bde-image2-118-132 bde-image2\" src=\"https:\/\/buchpark.de\/home\/wp-content\/uploads\/2025\/02\/inventar-icon.svg\" alt=\"Inventar Icon\" loading=\"lazy\"><div class=\"bde-text-118-133 bde-text\">\n\u00dcbermittlung Inventarliste\n<\/div>\n<\/div>\n<\/div><\/div>\n<\/section><section id=\"getInTouch\" class=\"bde-section-118-148 bde-section\">\n  \n  \n\t\n\n\n\n<div class=\"section-container\"><div class=\"bde-div-118-149 bde-div\" data-parallax=\"true\">\n  \n  \n\t\n\n\n\n<div class=\"bde-div-118-150 bde-div\">\n  \n  \n\t\n\n\n\n<div class=\"bde-div-118-152 bde-div\">\n  \n  \n\t\n\n\n\n<div class=\"bde-text-118-153 bde-text\">\nKontakt\n<\/div>\n<\/div><h1 class=\"bde-heading-118-154 bde-heading\">\nWir ber\u00e4umen<br>Ihren Messestand\n<\/h1>\n<\/div><div class=\"bde-div-118-161 bde-div\">\n  \n  \n\t\n\n\n\n<div class=\"bde-form-builder-118-162 bde-form-builder\">\n\n\n<form id=\"buchmesse-anfrage162\" class=\"breakdance-form breakdance-form--vertical\" data-options=\"{&quot;slug&quot;:&quot;custom&quot;,&quot;name&quot;:&quot;Buchmesse Anfrage&quot;,&quot;ajaxUrl&quot;:&quot;https:\\\/\\\/buchpark.de\\\/home\\\/wp-admin\\\/admin-ajax.php&quot;,&quot;clearOnSuccess&quot;:true,&quot;hideOnSuccess&quot;:false,&quot;successMessage&quot;:&quot;Vielen Dank, Ihre Anfrage wurde erfolgreich gesendet!&quot;,&quot;errorMessage&quot;:&quot;Leider lief etwas schief. Bitte versuchen Sie es erneut.&quot;,&quot;redirect&quot;:false,&quot;redirectUrl&quot;:&quot;&quot;,&quot;customJavaScript&quot;:&quot;&quot;,&quot;recaptcha&quot;:{&quot;key&quot;:&quot;&quot;,&quot;enabled&quot;:false},&quot;honeypot_enabled&quot;:false,&quot;popupsOnSuccess&quot;:[],&quot;popupsOnError&quot;:[]}\" data-steps=\"0\" >\n  \n  \n  \n<div class=\"breakdance-form-field breakdance-form-field--text breakdance-form-field__hide-label\" >\n    \n    \n            <label class=\"breakdance-form-field__label\" for=\"name\">\n            Name<span class=\"breakdance-form-field__required\">*<\/span>\n        <\/label>\n    \n    <input\n    class=\"breakdance-form-field__input\"\n    id=\"name\"\n    aria-describedby=\"name\"\n    type=\"text\"\n    name=\"fields[name]\"\n    placeholder=\"Name *\"\n    value=\"\"\n                \n        \n        \n    required\n    \n    \n>\n\n\n    \n    \n<\/div>\n\n\n<div class=\"breakdance-form-field breakdance-form-field--email breakdance-form-field__hide-label\" >\n    \n    \n            <label class=\"breakdance-form-field__label\" for=\"email\">\n            Email<span class=\"breakdance-form-field__required\">*<\/span>\n        <\/label>\n    \n    <input\n    class=\"breakdance-form-field__input\"\n    id=\"email\"\n    aria-describedby=\"email\"\n    type=\"email\"\n    name=\"fields[email]\"\n    placeholder=\"E-Mail *\"\n    value=\"\"\n                \n        \n        \n    required\n    \n    \n>\n\n\n    \n    \n<\/div>\n\n\n<div class=\"breakdance-form-field breakdance-form-field--text breakdance-form-field__hide-label\" >\n    \n    \n            <label class=\"breakdance-form-field__label\" for=\"eeglft\">\n            Verlag\n        <\/label>\n    \n    <input\n    class=\"breakdance-form-field__input\"\n    id=\"eeglft\"\n    aria-describedby=\"eeglft\"\n    type=\"text\"\n    name=\"fields[eeglft]\"\n    placeholder=\"Verlag *\"\n    value=\"\"\n                \n        \n        \n    \n    \n    \n>\n\n\n    \n    \n<\/div>\n\n\n<div class=\"breakdance-form-field breakdance-form-field--text breakdance-form-field__hide-label\" >\n    \n    \n            <label class=\"breakdance-form-field__label\" for=\"rxwoqe\">\n            Messe\n        <\/label>\n    \n    <input\n    class=\"breakdance-form-field__input\"\n    id=\"rxwoqe\"\n    aria-describedby=\"rxwoqe\"\n    type=\"text\"\n    name=\"fields[rxwoqe]\"\n    placeholder=\"Auf welcher Messe sind Sie vertreten? *\"\n    value=\"\"\n                \n        \n        \n    \n    \n    \n>\n\n\n    \n    \n<\/div>\n\n\n<div class=\"breakdance-form-field breakdance-form-field--text breakdance-form-field__hide-label\" >\n    \n    \n            <label class=\"breakdance-form-field__label\" for=\"twoipd\">\n            Messestand<span class=\"breakdance-form-field__required\">*<\/span>\n        <\/label>\n    \n    <input\n    class=\"breakdance-form-field__input\"\n    id=\"twoipd\"\n    aria-describedby=\"twoipd\"\n    type=\"text\"\n    name=\"fields[twoipd]\"\n    placeholder=\"Welche Nummer hat Ihr Messestand? *\"\n    value=\"\"\n                \n        \n        \n    required\n    \n    \n>\n\n\n    \n    \n<\/div>\n\n\n<div class=\"breakdance-form-field breakdance-form-field--text breakdance-form-field__hide-label\" >\n    \n    \n            <label class=\"breakdance-form-field__label\" for=\"pdrjvk\">\n            Gr\u00f6\u00dfe<span class=\"breakdance-form-field__required\">*<\/span>\n        <\/label>\n    \n    <input\n    class=\"breakdance-form-field__input\"\n    id=\"pdrjvk\"\n    aria-describedby=\"pdrjvk\"\n    type=\"text\"\n    name=\"fields[pdrjvk]\"\n    placeholder=\"Ca. Gr\u00f6\u00dfe ber\u00e4umender Bestand? *\"\n    value=\"\"\n                \n        \n        \n    required\n    \n    \n>\n\n\n    \n    \n<\/div>\n\n\n<div class=\"breakdance-form-field breakdance-form-field--textarea breakdance-form-field__hide-label\" >\n    \n    \n            <label class=\"breakdance-form-field__label\" for=\"message\">\n            Nachricht<span class=\"breakdance-form-field__required\">*<\/span>\n        <\/label>\n    \n    <textarea\n    class=\"breakdance-form-field__input\"\n    id=\"message\"\n    aria-describedby=\"message\"\n    type=\"textarea\"\n    name=\"fields[message]\"\n        placeholder=\"Nachricht *\"\n    required\n    >\n<\/textarea>\n\n\n    \n    \n<\/div>\n\n\n<div class=\"breakdance-form-field breakdance-form-field--file\" >\n    \n    \n            <label class=\"breakdance-form-field__label\" for=\"cgfydj\">\n            Titelliste der auf der Messe ausgestellten B\u00fccher\n        <\/label>\n    \n    <label for=\"cgfydj\" class=\"breakdance-form-file-upload\">\n\n            \n                                    \n    \n    \n    \n    \n            \n            <button type=\"button\" class=\"button-atom button-atom--secondary breakdance-form-file-upload__button\"  >\n    \n        <span class=\"button-atom__text\">Choose File<\/span>\n\n        \n        \n            <\/button>\n    \n        <span class=\"breakdance-form-file-upload__text\">\n            No file chosen\n        <\/span>\n    \n    <input\n        id=\"cgfydj\"\n        name=\"fields[cgfydj][]\"\n        type=\"file\"\n        class=\"breakdance-form-file-upload__input\"\n        accept=\"\"\n        \n        \n                data-max-files=\"\"\n        data-i18n-empty-text=\"No file chosen\"\n        data-i18n-filled-text=\"%n files\"\n        data-i18n-error-text=\"Only %n file(s) allowed.\"\n    >\n<\/label>\n\n\n\n    \n    \n<\/div>\n\n\n<div class=\"breakdance-form-field breakdance-form-field--checkbox breakdance-form-field__hide-label\" >\n    \n    \n    \n    <fieldset role=\"group\"\n    aria-label=\"Datenschutz\"\n    >\n       <legend class=\"breakdance-form-field__label\">Datenschutz<span class=\"breakdance-form-field__required\">*<\/span><\/legend>\n          <div class=\"breakdance-form-checkbox\">\n          <input\n              type=\"checkbox\"\n              name=\"fields[uudlvv]\"\n              value=\"Ich habe die &lt;a href=&quot;#&quot;&gt;Datenschutzerkl\u00e4rung&lt;\/a&gt; gelesen und bin mit der Verarbeitung meiner Daten einverstanden.\"\n              id=\"uudlvv-1\"\n              \n                        >\n          <label class=\"breakdance-form-checkbox__text\" for=\"uudlvv-1\">Ich habe die <a href=\"#\">Datenschutzerkl\u00e4rung<\/a> gelesen und bin mit der Verarbeitung meiner Daten einverstanden.<\/label>\n      <\/div>\n  <\/fieldset>\n\n\n\n    \n    \n<\/div>\n\n\n  \n\n<div class=\"breakdance-form-field breakdance-form-footer\">\n    \n    \n                                    \n    \n    \n    \n    \n            \n            <button type=\"submit\" class=\"button-atom button-atom--primary breakdance-form-button breakdance-form-button__submit\"  >\n    \n        <span class=\"button-atom__text\">Nachricht senden<\/span>\n\n        \n        \n            <\/button>\n    \n    <input type=\"hidden\" name=\"form_id\" value=\"162\">\n    <input type=\"hidden\" name=\"post_id\" value=\"118\">\n<\/div>\n\n  \n<\/form>\n\n\n\n<\/div>\n<\/div>\n<\/div><\/div>\n<\/section><section class=\"bde-section-118-173 bde-section\">\n  \n  \n\t\n\n\n\n<div class=\"section-container\"><div class=\"bde-div-118-174 bde-div\">\n  \n  \n\t\n\n\n\n<div class=\"bde-div-118-175 bde-div\">\n  \n  \n\t\n\n\n\n<h2 class=\"bde-heading-118-176 bde-heading\">\nDrop&shy;shipment und Ware&shy;housing\n<\/h2><div class=\"bde-text-118-177 bde-text\">\nWir verstehen den Onlinehandel mit gebrauchten B\u00fcchern und dessen Besonderheiten.<br><br>Wir von Buchpark sind seit vielen Jahren erfolgreich in den Bereichen Buchhandel und Logistik t\u00e4tig. Vom Berliner Umland aus erbringen wir t\u00e4glich unsere Versand- und Servicedienstleistungen f\u00fcr den Online-Buchhandel.\n<\/div><div class=\"bde-button-118-178 bde-button\">\n    \n                                    \n    \n    \n    \n    \n            \n                    \n            \n            \n\n    \n    \n    \n    \n    \n    <a class=\"breakdance-link button-atom button-atom--custom bde-button__button\" href=\"https:\/\/buchpark.de\/home\/fulfillment\/\" target=\"_self\" data-type=\"url\"  >\n\n    \n        <span class=\"button-atom__text\">Mehr erfahren<\/span>\n\n        \n        \n                <\/a>\n\n    \n\n\n<\/div>\n<\/div><div class=\"bde-div-118-179 bde-div\">\n  \n  \n\t\n\n\n\n<div class=\"bde-div-118-180 bde-div\">\n  \n  \n\t\n\n\n\n<img decoding=\"async\" class=\"bde-image2-118-181 bde-image2\" src=\"https:\/\/buchpark.de\/home\/wp-content\/uploads\/2025\/02\/fulfillment-icon.svg\" alt=\"Fulfillment Icon\" loading=\"lazy\">\n<\/div>\n<\/div>\n<\/div><\/div>\n<\/section>","protected":false},"excerpt":{"rendered":"<p>Buchmessen Buchpark ber\u00e4umt Buchmessen Wir von Buchpark sind kompetenter Servicedienstleister f\u00fcr die Ber\u00e4umung von Buchbest\u00e4nden auf allen gr\u00f6\u00dferen Buchmessen in Deutschland.Dazu bieten wir den kompletten Service von der Ber\u00e4umung der Regale bis zum Abtransport.Gern erstellen wir Ihnen ein individuelles Angebot f\u00fcr \u00fcbrig gebliebene B\u00fccher Ihres Messestandes. Fragen sie uns an. Jetzt anfragen Leistungen Deutschland-weit Ausheben [&hellip;]<\/p>\n","protected":false},"author":2,"featured_media":0,"parent":0,"menu_order":0,"comment_status":"closed","ping_status":"closed","template":"","meta":{"_breakdance_hide_in_design_set":false,"_breakdance_tags":"","iawp_total_views":548,"footnotes":""},"class_list":["post-118","page","type-page","status-publish","hentry"],"yoast_head":"<!-- This site is optimized with the Yoast SEO plugin v25.0 - https:\/\/yoast.com\/wordpress\/plugins\/seo\/ -->\n<title>Buchmessen - Buchpark B2B<\/title>\n<meta name=\"robots\" content=\"index, follow, max-snippet:-1, max-image-preview:large, max-video-preview:-1\" \/>\n<link rel=\"canonical\" href=\"https:\/\/buchpark.de\/home\/buchmessen\/\" \/>\n<meta property=\"og:locale\" content=\"de_DE\" \/>\n<meta property=\"og:type\" content=\"article\" \/>\n<meta property=\"og:title\" content=\"Buchmessen - Buchpark B2B\" \/>\n<meta property=\"og:description\" content=\"Buchmessen Buchpark ber\u00e4umt Buchmessen Wir von Buchpark sind kompetenter Servicedienstleister f\u00fcr die Ber\u00e4umung von Buchbest\u00e4nden auf allen gr\u00f6\u00dferen Buchmessen in Deutschland.Dazu bieten wir den kompletten Service von der Ber\u00e4umung der Regale bis zum Abtransport.Gern erstellen wir Ihnen ein individuelles Angebot f\u00fcr \u00fcbrig gebliebene B\u00fccher Ihres Messestandes. Fragen sie uns an. Jetzt anfragen Leistungen Deutschland-weit Ausheben [&hellip;]\" \/>\n<meta property=\"og:url\" content=\"https:\/\/buchpark.de\/home\/buchmessen\/\" \/>\n<meta property=\"og:site_name\" content=\"Buchpark B2B\" \/>\n<meta property=\"article:publisher\" content=\"https:\/\/www.facebook.com\/p\/Buchpark-100090825957190\/\" \/>\n<meta property=\"article:modified_time\" content=\"2025-04-02T09:55:48+00:00\" \/>\n<meta name=\"twitter:card\" content=\"summary_large_image\" \/>\n<meta name=\"twitter:label1\" content=\"Gesch\u00e4tzte Lesezeit\" \/>\n\t<meta name=\"twitter:data1\" content=\"3\u00a0Minuten\" \/>\n<script type=\"application\/ld+json\" class=\"yoast-schema-graph\">{\"@context\":\"https:\/\/schema.org\",\"@graph\":[{\"@type\":\"WebPage\",\"@id\":\"https:\/\/buchpark.de\/home\/buchmessen\/\",\"url\":\"https:\/\/buchpark.de\/home\/buchmessen\/\",\"name\":\"Buchmessen - Buchpark B2B\",\"isPartOf\":{\"@id\":\"https:\/\/buchpark.de\/home\/#website\"},\"datePublished\":\"2025-02-06T09:56:21+00:00\",\"dateModified\":\"2025-04-02T09:55:48+00:00\",\"breadcrumb\":{\"@id\":\"https:\/\/buchpark.de\/home\/buchmessen\/#breadcrumb\"},\"inLanguage\":\"de\",\"potentialAction\":[{\"@type\":\"ReadAction\",\"target\":[\"https:\/\/buchpark.de\/home\/buchmessen\/\"]}]},{\"@type\":\"BreadcrumbList\",\"@id\":\"https:\/\/buchpark.de\/home\/buchmessen\/#breadcrumb\",\"itemListElement\":[{\"@type\":\"ListItem\",\"position\":1,\"name\":\"Startseite\",\"item\":\"https:\/\/buchpark.de\/home\/\"},{\"@type\":\"ListItem\",\"position\":2,\"name\":\"Buchmessen\"}]},{\"@type\":\"WebSite\",\"@id\":\"https:\/\/buchpark.de\/home\/#website\",\"url\":\"https:\/\/buchpark.de\/home\/\",\"name\":\"Buchpark B2B\",\"description\":\"Gebrauchte B\u00fccher online kaufen und verkaufen\",\"publisher\":{\"@id\":\"https:\/\/buchpark.de\/home\/#organization\"},\"potentialAction\":[{\"@type\":\"SearchAction\",\"target\":{\"@type\":\"EntryPoint\",\"urlTemplate\":\"https:\/\/buchpark.de\/home\/?s={search_term_string}\"},\"query-input\":{\"@type\":\"PropertyValueSpecification\",\"valueRequired\":true,\"valueName\":\"search_term_string\"}}],\"inLanguage\":\"de\"},{\"@type\":\"Organization\",\"@id\":\"https:\/\/buchpark.de\/home\/#organization\",\"name\":\"Buchpark GmbH\",\"url\":\"https:\/\/buchpark.de\/home\/\",\"logo\":{\"@type\":\"ImageObject\",\"inLanguage\":\"de\",\"@id\":\"https:\/\/buchpark.de\/home\/#\/schema\/logo\/image\/\",\"url\":\"https:\/\/buchpark.de\/home\/wp-content\/uploads\/2025\/02\/logo.svg\",\"contentUrl\":\"https:\/\/buchpark.de\/home\/wp-content\/uploads\/2025\/02\/logo.svg\",\"width\":1,\"height\":1,\"caption\":\"Buchpark GmbH\"},\"image\":{\"@id\":\"https:\/\/buchpark.de\/home\/#\/schema\/logo\/image\/\"},\"sameAs\":[\"https:\/\/www.facebook.com\/p\/Buchpark-100090825957190\/\",\"https:\/\/www.instagram.com\/buchpark.de\/\",\"https:\/\/www.linkedin.com\/company\/buchpark\/\"]}]}<\/script>\n<!-- \/ Yoast SEO plugin. -->","yoast_head_json":{"title":"Buchmessen - Buchpark B2B","robots":{"index":"index","follow":"follow","max-snippet":"max-snippet:-1","max-image-preview":"max-image-preview:large","max-video-preview":"max-video-preview:-1"},"canonical":"https:\/\/buchpark.de\/home\/buchmessen\/","og_locale":"de_DE","og_type":"article","og_title":"Buchmessen - Buchpark B2B","og_description":"Buchmessen Buchpark ber\u00e4umt Buchmessen Wir von Buchpark sind kompetenter Servicedienstleister f\u00fcr die Ber\u00e4umung von Buchbest\u00e4nden auf allen gr\u00f6\u00dferen Buchmessen in Deutschland.Dazu bieten wir den kompletten Service von der Ber\u00e4umung der Regale bis zum Abtransport.Gern erstellen wir Ihnen ein individuelles Angebot f\u00fcr \u00fcbrig gebliebene B\u00fccher Ihres Messestandes. Fragen sie uns an. Jetzt anfragen Leistungen Deutschland-weit Ausheben [&hellip;]","og_url":"https:\/\/buchpark.de\/home\/buchmessen\/","og_site_name":"Buchpark B2B","article_publisher":"https:\/\/www.facebook.com\/p\/Buchpark-100090825957190\/","article_modified_time":"2025-04-02T09:55:48+00:00","twitter_card":"summary_large_image","twitter_misc":{"Gesch\u00e4tzte Lesezeit":"3\u00a0Minuten"},"schema":{"@context":"https:\/\/schema.org","@graph":[{"@type":"WebPage","@id":"https:\/\/buchpark.de\/home\/buchmessen\/","url":"https:\/\/buchpark.de\/home\/buchmessen\/","name":"Buchmessen - Buchpark B2B","isPartOf":{"@id":"https:\/\/buchpark.de\/home\/#website"},"datePublished":"2025-02-06T09:56:21+00:00","dateModified":"2025-04-02T09:55:48+00:00","breadcrumb":{"@id":"https:\/\/buchpark.de\/home\/buchmessen\/#breadcrumb"},"inLanguage":"de","potentialAction":[{"@type":"ReadAction","target":["https:\/\/buchpark.de\/home\/buchmessen\/"]}]},{"@type":"BreadcrumbList","@id":"https:\/\/buchpark.de\/home\/buchmessen\/#breadcrumb","itemListElement":[{"@type":"ListItem","position":1,"name":"Startseite","item":"https:\/\/buchpark.de\/home\/"},{"@type":"ListItem","position":2,"name":"Buchmessen"}]},{"@type":"WebSite","@id":"https:\/\/buchpark.de\/home\/#website","url":"https:\/\/buchpark.de\/home\/","name":"Buchpark B2B","description":"Gebrauchte B\u00fccher online kaufen und verkaufen","publisher":{"@id":"https:\/\/buchpark.de\/home\/#organization"},"potentialAction":[{"@type":"SearchAction","target":{"@type":"EntryPoint","urlTemplate":"https:\/\/buchpark.de\/home\/?s={search_term_string}"},"query-input":{"@type":"PropertyValueSpecification","valueRequired":true,"valueName":"search_term_string"}}],"inLanguage":"de"},{"@type":"Organization","@id":"https:\/\/buchpark.de\/home\/#organization","name":"Buchpark GmbH","url":"https:\/\/buchpark.de\/home\/","logo":{"@type":"ImageObject","inLanguage":"de","@id":"https:\/\/buchpark.de\/home\/#\/schema\/logo\/image\/","url":"https:\/\/buchpark.de\/home\/wp-content\/uploads\/2025\/02\/logo.svg","contentUrl":"https:\/\/buchpark.de\/home\/wp-content\/uploads\/2025\/02\/logo.svg","width":1,"height":1,"caption":"Buchpark GmbH"},"image":{"@id":"https:\/\/buchpark.de\/home\/#\/schema\/logo\/image\/"},"sameAs":["https:\/\/www.facebook.com\/p\/Buchpark-100090825957190\/","https:\/\/www.instagram.com\/buchpark.de\/","https:\/\/www.linkedin.com\/company\/buchpark\/"]}]}},"_links":{"self":[{"href":"https:\/\/buchpark.de\/home\/wp-json\/wp\/v2\/pages\/118","targetHints":{"allow":["GET"]}}],"collection":[{"href":"https:\/\/buchpark.de\/home\/wp-json\/wp\/v2\/pages"}],"about":[{"href":"https:\/\/buchpark.de\/home\/wp-json\/wp\/v2\/types\/page"}],"author":[{"embeddable":true,"href":"https:\/\/buchpark.de\/home\/wp-json\/wp\/v2\/users\/2"}],"replies":[{"embeddable":true,"href":"https:\/\/buchpark.de\/home\/wp-json\/wp\/v2\/comments?post=118"}],"version-history":[{"count":75,"href":"https:\/\/buchpark.de\/home\/wp-json\/wp\/v2\/pages\/118\/revisions"}],"predecessor-version":[{"id":654,"href":"https:\/\/buchpark.de\/home\/wp-json\/wp\/v2\/pages\/118\/revisions\/654"}],"wp:attachment":[{"href":"https:\/\/buchpark.de\/home\/wp-json\/wp\/v2\/media?parent=118"}],"curies":[{"name":"wp","href":"https:\/\/api.w.org\/{rel}","templated":true}]}}